 i*y - y. What is the units digit of ((-3)/(-1))/(6/y)?
2
Let u = 64 - 27. What is the units digit of u?
7
Let k(a) = a**2 - 10*a + 19. What is the tens digit of k(11)?
3
Suppose 4*q - 2*k + k = 29, -3*q - 3*k = -33. What is the units digit of q?
8
Let l = 181 + -81. Suppose -7*o = -2*o - l. What is the tens digit of o?
2
Suppose 0 = -0*r + 5*r - 5. Let l(c) = 8*c**2 + c - 1. Let b be l(r). Suppose 2*v = b, 0 = -u - 3*v + 18 - 3. What is the units digit of u?
3
Let k be (-4)/(-14) + 57/21. Suppose k*l - 4 = 4*w, 5*w + 2 = 2*l + 4. Suppose 3*s + 4*n - n - 15 = 0, 2*n = l*s - 26. What is the units digit of s?
6
Let v be (-4)/(-6)*6/4. What is the tens digit of 20 - 0/3*v?
2
Let k be (-4)/(-12) - (-52)/6. What is the units digit of 42/k + 2/6?
5
Let t(p) = -p**3 - 6*p**2 - 4*p + 4. Let n be t(-5). Let o = 10 - n. What is the units digit of o?
1
Suppose -5*q = -x + 57, -3 = -0*q + 3*q. What is the units digit of x?
2
Suppose -c + 11 = -0*c + 5*g, 0 = -5*g - 10. Let m = 41 - c. What is the tens digit of m?
2
Suppose 4*k + 88 = 4*v, 0*v + 4*v = -4*k + 56. What is the tens digit of v?
1
Let c be (-222)/(-10) - 2/10. Suppose 35 + c = 3*l. What is the tens digit of l?
1
Let y(h) = -3*h + 10. What is the units digit of y(-15)?
5
Let b = 41 + 39. What is the tens digit of b?
8
Suppose r - 3*r + 124 = 0. What is the tens digit of r?
6
Let b(t) = 5 - 5 + 4 - 2*t. What is the units digit of b(-5)?
4
What is the tens digit of 91/2 + 1/(-2)?
4
Suppose v + 4*i = -0*i + 95, 2*i = 8. What is the tens digit of v?
7
Suppose -5*h + 145 = -5*l, -6*l + 109 = 4*h - 3*l. What is the tens digit of h?
2
Let d = -2 + 4. Let c = d + -2. Suppose c = -2*w + w + 8. What is the units digit of w?
8
Let k(j) = j**3 + j**2 - j + 4. Suppose 0 + 2 = 5*r + 2*q, r = -3*q + 3. Let v be k(r). What is the units digit of v*(0 + 2 + -1)?
4
Let n(c) = 3*c**2 + 2*c + 1. Let o be n(-1). Suppose -4*r + 18 = -2*b, o*r - 15 - 6 = 5*b. What is the units digit of r?
3
Let v be (-4)/(-16) - 1534/(-8). Suppose v = 7*w - 2*w + 2*s, -w + 20 = 5*s. What is the tens digit of w?
4
Suppose 9*q - 4*q + 65 = 0. Let z = -32 + 13. Let l = q - z. What is the units digit of l?
6
Let z be (12/(-21))/((-2)/14). Suppose 34 = -z*t + 118. What is the units digit of t?
1
Suppose i + 2*i - 6 = 0, 0 = -4*h - 2*i + 12. Let f be h/9 - 133/(-9). What is the units digit of 2/(-10) - (-18)/f?
1
Let o = -45 + 89. What is the units digit of o?
4
Suppose 0*k = -k + 3. Suppose -18 - 96 = -k*n. Suppose -n = -2*p + 4*z, 4*z - z + 37 = 2*p. What is the tens digit of p?
1
What is the tens digit of (-1011)/(-12) - (-3)/(-12)?
8
Let h = -23 - -55. What is the units digit of h?
2
What is the tens digit of (-294)/(-10) - (-2)/(-5)?
2
Suppose k - 4 = 0, 3*k = 3*d - 0*k + 12. Let j = d - -2. Let b = j - -13. What is the tens digit of b?
1
Let t(m) = m**2 - 4*m + 3. Let y(d) = -d + 1. Let j(c) = -t(c) - y(c). Let r(n) = n**3 - 3*n**2 + 2*n - 3. Let w be r(3). What is the units digit of j(w)?
2
Suppose -14*z + 16*z - 52 = 0. What is the tens digit of z?
2
What is the hundreds digit of (6/(-9))/((-4427)/885 - -5)?
2
Let s(b) = 15*b**2 + b - 1. Let y be s(-2). Suppose 2*o = -3*o - v + 69, 4*o - v = y. What is the tens digit of o?
1
Suppose 10 = -0*z - 2*z. Let b = -2 - z. What is the units digit of b?
3
Let o = 779 + -509. What is the units digit of o?
0
Let u = 14 - 11. Suppose -4*l + 83 = 5*q, -u*l - 9 = -2*q + 15. What is the tens digit of q?
1
Let x = 45 - 5. What is the tens digit of x?
4
Let q(c) be the second derivative of c**4/12 - 2*c**3/3 + 5*c**2/2 + 3*c. Let l be q(5). Suppose l*p - 85 = 5*p. What is the tens digit of p?
1
Let r(x) = 2*x - 29. Let l(h) = h - 15. Let o(k) = 5*l(k) - 3*r(k). Let y be o(8). What is the units digit of y/(-14) - (-92)/28?
3
Suppose -3*r - 2*r - 24 = -o, 2*o + 2*r - 36 = 0. What is the units digit of o?
9
Let c(a) = 5*a**2 + 6 + 4*a - 3*a**2 - 5*a + 10*a. What is the tens digit of c(-6)?
2
What is the tens digit of -4*2114/(-44) + 100/(-550)?
9
Let a = 82 - 35. What is the tens digit of a?
4
Let h(m) = 17*m**3 - 2*m + 1. Let c be h(1). Suppose 0 = -4*q + c. Suppose 5*b - j = -6*j + 40, -4*j = -q. What is the units digit of b?
7
Let t = -9 - -13. Suppose 5*p = 4*p + t. What is the units digit of p?
4
Suppose 0*s + 3*s + 18 = 0. What is the units digit of (16/s)/((-10)/15)?
4
What is the tens digit of 1 + -4 - (-2 - 22)?
2
Let p = 4 - -7. Let t be (-7)/(-1)*(-2)/(-2). Suppose -k - t = -4*w, 2*w = 5*w + 5*k - p. What is the units digit of w?
2
Let j = 254 + -153. What is the tens digit of j?
0
Suppose -5*x + 10 + 55 = 0. Suppose w = -3*m - 1, -4*w = 3*m - 0*w + x. What is the units digit of m?
1
Suppose h - 3 + 1 = 0. Suppose 3*p - h*p = -3*g + 15, 4*p + 2*g = 30. Suppose 2*c - p = c. What is the units digit of c?
6
Suppose 4*c + 8 = 8*c. Let d(u) = 2*u**2 + 6*u - c*u - 3*u. What is the units digit of d(-1)?
1
What is the tens digit of -18*((-7)/3 - 1)?
6
Let s = 8 - -29. What is the units digit of s?
7
Let v(u) = u - 33. Let j be v(0). Let f = j - -52. What is the tens digit of f?
1
Let i = -4 + 30. Suppose 5*u - 4*o = 80, -3*o = 5*u - i - 54. What is the tens digit of u?
1
Let n(m) = 14*m**2 - 3*m**2 + 2*m**2. What is the tens digit of n(-1)?
1
Let r = 5 + -8. Let p = 8 + r. What is the units digit of p?
5
Suppose 3*x - 4*n - 258 = 0, 2*x - 129 - 45 = 2*n. What is the tens digit of x?
9
Let v(t) = 2*t**3 - 6 - 4*t**3 + 3*t**3 + 36 - t. What is the units digit of v(0)?
0
Suppose 0*g - l - 2 = 5*g, g = 5*l - 16. Suppose -3*w = 0, 0 = 5*u + w - 3*w - 15. Let k = g + u. What is the units digit of k?
2
Let q = -6 + 10. Let f = 9 + -6. Suppose -q = 4*r, 0*g + f*g - r = 22. What is the units digit of g?
7
Let f = 0 + -2. What is the tens digit of (-45)/f + (-3)/6?
2
Suppose 3*t - 6*x - 65 = -x, -5*x = 3*t - 115. What is the tens digit of t?
3
Let h(q) = -15*q + 28. What is the units digit of h(-8)?
8
Let b(z) = z**2 + 2*z + z + 0*z**2. Let q be b(-4). Let f = q + 1. What is the units digit of f?
5
Let z = -10 + 17. Suppose j - 3 = -0*j. Suppose z = g - j. What is the tens digit of g?
1
Suppose -3*i = -8*i + 80. Suppose -4*w - 32 = i. What is the units digit of 3*4*(-6)/w?
6
Suppose 1 = 2*h - 5. Suppose 3*o - 4*o = r - 4, 0 = -5*r + h*o - 12. Suppose -4*n - 3*q + 44 = 0, r = 4*n - 3*q - 27 + 7. What is the units digit of n?
8
Suppose -33 - 171 = -4*d. What is the units digit of d?
1
Suppose 3*w + 2*n - 256 = w, w = -5*n + 116. What is the units digit of w?
1
Let m = -33 - -59. Let d = -17 + m. Suppose -4*i - d = -3*n - 1, 3 = 3*i. What is the units digit of n?
4
Suppose 15*v = 2*v + 104. What is the units digit of v?
8
Let x(w) = 3*w**2 - 24*w - 2. Let r(u) = -2*u**2 + 16*u + 1. Let a(z) = 8*r(z) + 5*x(z). Let i = 0 - -6. What is the tens digit of a(i)?
1
Let l = -239 - -450. What is the tens digit of l?
1
Let t(q) = 7 + 27*q**3 - 28*q**3 - 5*q**2 - 11*q - 6*q**2. What is the units digit of t(-10)?
7
Suppose -4 = -b - 4*h, 4*b - h + 3 - 2 = 0. Suppose 5*y - 17 = 5*o + 53, -4*y + 3*o + 59 = b. What is the tens digit of y?
1
What is the tens digit of (4 - 3) + 33 + 0?
3
Let a(r) = 6 - 6 + 2*r + 3. Let b be (-8)/(-2) - -2 - 2. What is the tens digit of a(b)?
1
Suppose 3 = 2*r - 5. Let g(t) = 2*t**2 - 7*t + 5. What is the units digit of g(r)?
9
Let d(s) = -5*s - 1. Let k(r) = -11*r - 2. Let p = 14 - 10. Let h(x) = p*k(x) - 9*d(x). What is the units digit of h(5)?
6
Suppose -3*c + 2*u - 53 = -4*c, -c + 48 = u. What is the tens digit of c?
4
Let o(p) = -p - 2. Let b be o(6). Let k(t) = -11*t + t**3 - 4*t**2 + 0*t + 2*t + 11*t**2 - 3. What is the units digit of k(b)?
5
Suppose 4*o = 2*b + 376, -2*o + 500 = 3*o + 5*b. What is the units digit of o?
6
What is the units digit of (-1)/(-1) + 10 + -8?
3
Let i(l) = -l**2 + 3 - 3*l + 4*l - 2 - 32*l**3. What is the tens digit of i(-1)?
3
Let a be (6/(-5))/((-6)/520). Suppose -v - 2*r + 13 = 0, -5*v + 4*r - r + a = 0. What is the tens digit of v?
1
Suppose 0 = -l - 2*l - 21. Let q(s) = -s**3 - 6*s**2 + 6*s + 9. What is the units digit of q(l)?
6
What is the units digit of (4/(-6))/(4/(-222))?
7
Let x(z) = -z**3 + 4*z**2 + 2*z - 3. Let w be x(4). Suppose 56 + 19 = w*u. What is the tens digit of u?
1
Suppose -2*u = -0*m + 4*m - 132, -5*u - 20 = 0. Suppose -2*o - 3 = -m. Sup